{"id":120,"date":"2017-06-13T10:55:01","date_gmt":"2017-06-13T10:55:01","guid":{"rendered":"https:\/\/demo.themegrill.com\/suffice\/?page_id=120"},"modified":"2020-04-21T15:31:22","modified_gmt":"2020-04-21T13:31:22","slug":"diabete","status":"publish","type":"page","link":"https:\/\/mugnier-dieteticienne.com\/index.php\/diabete\/","title":{"rendered":"Alimentation th\u00e9rapeutique"},"content":{"rendered":"<div id=\"pl-120\"  class=\"panel-layout\" ><div id=\"pg-120-0\"  class=\"panel-grid panel-has-style\" ><div class=\"siteorigin-panels-stretch panel-row-style panel-row-style-for-120-0\" data-stretch-type=\"full-stretched\" ><div id=\"pgc-120-0-0\"  class=\"panel-grid-cell\" ><div id=\"panel-120-0-0-0\" class=\"widget_text so-panel widget widget_custom_html panel-first-child\" data-index=\"0\" ><div class=\"textwidget custom-html-widget\"><!-- Global site tag (gtag.js) - Google Analytics -->\n<script async src=\"https:\/\/www.googletagmanager.com\/gtag\/js?id=UA-129084642-1\"><\/script>\n<script>\n  window.dataLayer = window.dataLayer || [];\n  function gtag(){dataLayer.push(arguments);}\n  gtag('js', new Date());\n\n  gtag('config', 'UA-129084642-1');\n<\/script><\/div><\/div><div id=\"panel-120-0-0-1\" class=\"so-panel widget widget_text panel-last-child\" data-index=\"1\" ><div class=\"panel-widget-style panel-widget-style-for-120-0-0-1\" ><h3 class=\"widget-title\">L&rsquo;alimentation comme premier traitement<\/h3>\t\t\t<div class=\"textwidget\"><p><img loading=\"lazy\" decoding=\"async\" class=\"alignright wp-image-679 size-medium\" title=\"Diab\u00e8te cholest\u00e9rol \" src=\"http:\/\/mugnier-dieteticienne.com\/wp-content\/uploads\/2018\/09\/heart-2730784_640-300x272.png\" alt=\"Diab\u00e8te cholest\u00e9rol \" width=\"300\" height=\"272\" srcset=\"https:\/\/mugnier-dieteticienne.com\/wp-content\/uploads\/2018\/09\/heart-2730784_640-300x272.png 300w, https:\/\/mugnier-dieteticienne.com\/wp-content\/uploads\/2018\/09\/heart-2730784_640-600x544.png 600w, https:\/\/mugnier-dieteticienne.com\/wp-content\/uploads\/2018\/09\/heart-2730784_640.png 640w\" sizes=\"auto, (max-width: 300px) 100vw, 300px\" \/>La HAS (Haute Autorit\u00e9 de Sant\u00e9) reconna\u00eet l&rsquo;utilit\u00e9 du suivi di\u00e9t\u00e9tique dans le parcours de soin de 11 maladies. Beaucoup de cas de figure sont concern\u00e9s :\u00a0 <strong>diab\u00e8te<\/strong>, diab\u00e8te gestationnel, l&rsquo;<strong>ob\u00e9sit\u00e9<\/strong>, insuffisance r\u00e9nale, pancr\u00e9atite, cirrhose &#8230;.<\/p>\n<p>L&rsquo;alimentation est assez facilement mise au second plan alors que bien souvent elle peut soulager, att\u00e9nuer ou am\u00e9liorer la sant\u00e9. Si vous venez de d\u00e9couvrir que vous \u00eates atteint de diab\u00e8te ou que votre bilan sanguin est perturb\u00e9, votre m\u00e9decin vous a certainement conseill\u00e9 de faire attention \u00e0 votre alimentation ?<\/p>\n<p>Venez donc me rencontrer, nous ferons le point sur vos repas pour am\u00e9liorer vos habitudes alimentaires et ainsi gagner en vitalit\u00e9.<\/p>\n<p>Je suis install\u00e9e sur diff\u00e9rentes communes en <strong><a href=\"http:\/\/mugnier-dieteticienne.com\/index.php\/haute-savoie\/\">Haute Savoie<\/a>.<\/strong><\/p>\n<\/div>\n\t\t<\/div><\/div><\/div><\/div><\/div><div id=\"pg-120-1\"  class=\"panel-grid panel-has-style\" ><div class=\"siteorigin-panels-stretch panel-row-style panel-row-style-for-120-1\" data-stretch-type=\"full-stretched\" ><div id=\"pgc-120-1-0\"  class=\"panel-grid-cell\" ><div id=\"panel-120-1-0-0\" class=\"so-panel widget widget_themegrill_suffice_button tg-section tg-button-widget panel-first-child panel-last-child\" data-index=\"2\" >\n<div class=\"btn-center\">\n\t\t\t<a  class=\"btn btn-rounded btn-small\" style=color:#ffffff;background-color:#ef7278; href=\"http:\/\/www.clicrdv.com\/cabinet-dieteticienne-Fanny-mugnier-audrey-deleu\">\n\t\t\tPrendre rendez vous en ligne\t\t<\/a>\n\t<\/div>\n<\/div><\/div><\/div><\/div><\/div>","protected":false},"excerpt":{"rendered":"<p>La HAS (Haute Autorit\u00e9 de Sant\u00e9) reconna\u00eet l&rsquo;utilit\u00e9 du suivi di\u00e9t\u00e9tique dans le parcours de soin de 11 maladies. Beaucoup de cas de figure sont concern\u00e9s :\u00a0 diab\u00e8te, diab\u00e8te gestationnel, l&rsquo;ob\u00e9sit\u00e9, insuffisance r\u00e9nale, pancr\u00e9atite, cirrhose &#8230;. L&rsquo;alimentation est assez facilement<\/p>\n","protected":false},"author":1,"featured_media":0,"parent":0,"menu_order":0,"comment_status":"closed","ping_status":"closed","template":"","meta":{"footnotes":""},"class_list":["post-120","page","type-page","status-publish","hentry"],"_links":{"self":[{"href":"https:\/\/mugnier-dieteticienne.com\/index.php\/wp-json\/wp\/v2\/pages\/120","targetHints":{"allow":["GET"]}}],"collection":[{"href":"https:\/\/mugnier-dieteticienne.com\/index.php\/wp-json\/wp\/v2\/pages"}],"about":[{"href":"https:\/\/mugnier-dieteticienne.com\/index.php\/wp-json\/wp\/v2\/types\/page"}],"author":[{"embeddable":true,"href":"https:\/\/mugnier-dieteticienne.com\/index.php\/wp-json\/wp\/v2\/users\/1"}],"replies":[{"embeddable":true,"href":"https:\/\/mugnier-dieteticienne.com\/index.php\/wp-json\/wp\/v2\/comments?post=120"}],"version-history":[{"count":65,"href":"https:\/\/mugnier-dieteticienne.com\/index.php\/wp-json\/wp\/v2\/pages\/120\/revisions"}],"predecessor-version":[{"id":1412,"href":"https:\/\/mugnier-dieteticienne.com\/index.php\/wp-json\/wp\/v2\/pages\/120\/revisions\/1412"}],"wp:attachment":[{"href":"https:\/\/mugnier-dieteticienne.com\/index.php\/wp-json\/wp\/v2\/media?parent=120"}],"curies":[{"name":"wp","href":"https:\/\/api.w.org\/{rel}","templated":true}]}}

Alimentation thérapeutique

<div id="pl-120"  class="panel-layout" ><div id="pg-120-0"  class="panel-grid panel-has-style" ><div class="siteorigin-panels-stretch panel-row-style panel-row-style-for-120-0" data-stretch-type="full-stretched" ><div id="pgc-120-0-0"  class="panel-grid-cell" ><div id="panel-120-0-0-0" class="widget_text so-panel widget widget_custom_html panel-first-child" data-index="0" ><div class="textwidget custom-html-widget"><!-- Global site tag (gtag.js) - Google Analytics -->
<script async src="https://www.googletagmanager.com/gtag/js?id=UA-129084642-1"></script>
<script>
  window.dataLayer = window.dataLayer || [];
  function gtag(){dataLayer.push(arguments);}
  gtag('js', new Date());

  gtag('config', 'UA-129084642-1');
</script></div></div><div id="panel-120-0-0-1" class="so-panel widget widget_text panel-last-child" data-index="1" ><div class="panel-widget-style panel-widget-style-for-120-0-0-1" ><h3 class="widget-title">L&rsquo;alimentation comme premier traitement</h3>			<div class="textwidget"><p><img loading="lazy" decoding="async" class="alignright wp-image-679 size-medium" title="Diabète cholestérol " src="http://mugnier-dieteticienne.com/wp-content/uploads/2018/09/heart-2730784_640-300x272.png" alt="Diabète cholestérol " width="300" height="272" srcset="https://mugnier-dieteticienne.com/wp-content/uploads/2018/09/heart-2730784_640-300x272.png 300w, https://mugnier-dieteticienne.com/wp-content/uploads/2018/09/heart-2730784_640-600x544.png 600w, https://mugnier-dieteticienne.com/wp-content/uploads/2018/09/heart-2730784_640.png 640w" sizes="auto, (max-width: 300px) 100vw, 300px" />La HAS (Haute Autorité de Santé) reconnaît l&rsquo;utilité du suivi diététique dans le parcours de soin de 11 maladies. Beaucoup de cas de figure sont concernés :  <strong>diabète</strong>, diabète gestationnel, l&rsquo;<strong>obésité</strong>, insuffisance rénale, pancréatite, cirrhose &#8230;.</p>
<p>L&rsquo;alimentation est assez facilement mise au second plan alors que bien souvent elle peut soulager, atténuer ou améliorer la santé. Si vous venez de découvrir que vous êtes atteint de diabète ou que votre bilan sanguin est perturbé, votre médecin vous a certainement conseillé de faire attention à votre alimentation ?</p>
<p>Venez donc me rencontrer, nous ferons le point sur vos repas pour améliorer vos habitudes alimentaires et ainsi gagner en vitalité.</p>
<p>Je suis installée sur différentes communes en <strong><a href="http://mugnier-dieteticienne.com/index.php/haute-savoie/">Haute Savoie</a>.</strong></p>
</div>
		</div></div></div></div></div><div id="pg-120-1"  class="panel-grid panel-has-style" ><div class="siteorigin-panels-stretch panel-row-style panel-row-style-for-120-1" data-stretch-type="full-stretched" ><div id="pgc-120-1-0"  class="panel-grid-cell" ><div id="panel-120-1-0-0" class="so-panel widget widget_themegrill_suffice_button tg-section tg-button-widget panel-first-child panel-last-child" data-index="2" >
<div class="btn-center">
			<a  class="btn btn-rounded btn-small" style=color:#ffffff;background-color:#ef7278; href="http://www.clicrdv.com/cabinet-dieteticienne-Fanny-mugnier-audrey-deleu">
			Prendre rendez vous en ligne		</a>
	</div>
</div></div></div></div></div>

<p>La HAS (Haute Autorité de Santé) reconnaît l&rsquo;utilité du suivi diététique dans le parcours de soin de 11 maladies. Beaucoup de cas de figure sont concernés :  diabète, diabète gestationnel, l&rsquo;obésité, insuffisance rénale, pancréatite, cirrhose &#8230;. L&rsquo;alimentation est assez facilement</p>
