{"id":118,"date":"2017-06-13T10:53:38","date_gmt":"2017-06-13T10:53:38","guid":{"rendered":"https:\/\/demo.themegrill.com\/suffice\/?page_id=118"},"modified":"2020-04-21T15:32:31","modified_gmt":"2020-04-21T13:32:31","slug":"perte-de-poids","status":"publish","type":"page","link":"https:\/\/mugnier-dieteticienne.com\/index.php\/perte-de-poids\/","title":{"rendered":"Equilibre alimentaire"},"content":{"rendered":"<div id=\"pl-118\"  class=\"panel-layout\" ><div id=\"pg-118-0\"  class=\"panel-grid panel-has-style\" ><div class=\"siteorigin-panels-stretch panel-row-style panel-row-style-for-118-0\" data-stretch-type=\"full-stretched\" ><div id=\"pgc-118-0-0\"  class=\"panel-grid-cell\" ><div id=\"panel-118-0-0-0\" class=\"widget_text so-panel widget widget_custom_html panel-first-child panel-last-child\" data-index=\"0\" ><div class=\"textwidget custom-html-widget\"><!-- Global site tag (gtag.js) - Google Analytics -->\n<script async src=\"https:\/\/www.googletagmanager.com\/gtag\/js?id=UA-129084642-1\"><\/script>\n<script>\n  window.dataLayer = window.dataLayer || [];\n  function gtag(){dataLayer.push(arguments);}\n  gtag('js', new Date());\n\n  gtag('config', 'UA-129084642-1');\n<\/script><\/div><\/div><\/div><\/div><\/div><div id=\"pg-118-1\"  class=\"panel-grid panel-has-style\" ><div class=\"siteorigin-panels-stretch panel-row-style panel-row-style-for-118-1\" data-stretch-type=\"full-stretched\" ><div id=\"pgc-118-1-0\"  class=\"panel-grid-cell\" ><div id=\"panel-118-1-0-0\" class=\"so-panel widget widget_text panel-first-child panel-last-child\" data-index=\"1\" ><h3 class=\"widget-title\">Perte de poids, prise de poids et \u00e9quilibre<\/h3>\t\t\t<div class=\"textwidget\"><p>&nbsp;<\/p>\n<p><img loading=\"lazy\" decoding=\"async\" class=\"alignleft wp-image-685 size-thumbnail\" title=\" Perte de poids\" src=\"http:\/\/mugnier-dieteticienne.com\/wp-content\/uploads\/2018\/09\/te\u0301le\u0301chargement-150x150.png\" alt=\"Perte de poids\" width=\"150\" height=\"150\" srcset=\"https:\/\/mugnier-dieteticienne.com\/wp-content\/uploads\/2018\/09\/te\u0301le\u0301chargement-150x150.png 150w, https:\/\/mugnier-dieteticienne.com\/wp-content\/uploads\/2018\/09\/te\u0301le\u0301chargement-100x100.png 100w\" sizes=\"auto, (max-width: 150px) 100vw, 150px\" \/><\/p>\n<p>Avez-vous d\u00e9j\u00e0 entendu ce genre de messages : mangez cinq fruits et l\u00e9gumes par jour ! Faire trois repas dans la journ\u00e9e &#8230; Ne pas manger trop riche le soir&#8230; Le pain blanc fait grossir &#8230;<\/p>\n<p>Eh oui ! Avec toutes les sources d&rsquo;informations \u00e0 l&rsquo;heure actuelle, il est tr\u00e8s difficile de s&rsquo;y retrouver.<\/p>\n<p>C&rsquo;est pourquoi, je vous invite \u00e0 rencontrer une <a href=\"https:\/\/www.cidj.com\/metiers\/dieteticien-dieteticienne\"><strong>di\u00e9t\u00e9ticienne<\/strong><\/a> garante de la science de l&rsquo;\u00e9quilibre alimentaire !<\/p>\n<p>Cette profession UNIQUEMENT est reconnue par l&rsquo;\u00e9tat comme expert en alimentation et nutrition.<\/p>\n<p>Que l&rsquo;objectif soit d&rsquo;\u00e9quilibrer votre alimentation, de perdre du poids, d&rsquo;atteindre des objectifs sportifs ou de limiter les carences dans un r\u00e9gime v\u00e9g\u00e9tarien ou v\u00e9g\u00e9talien, il est important d&rsquo;\u00eatre suivi et accompagn\u00e9 par un professionnel.<\/p>\n<p>Le suivi tiendra toujours compte de vos habitudes culturelles, votre \u00e2ge, votre taille, votre niveau d&rsquo;activit\u00e9 physique et votre poids.<\/p>\n<p>Je suis pr\u00eate \u00e0 vous accueillir au sein de mes cabinets de <a href=\"http:\/\/mugnier-dieteticienne.com\/index.php\/dieteticienne-bonne\/\">Bonne<\/a>, <a href=\"http:\/\/mugnier-dieteticienne.com\/index.php\/dieteticienne-thonon\/\">Thonon<\/a> ou <a href=\"http:\/\/mugnier-dieteticienne.com\/index.php\/dieteticienne-cluses\/\">Cluses<\/a>.<\/p>\n<\/div>\n\t\t<\/div><\/div><\/div><\/div><div id=\"pg-118-2\"  class=\"panel-grid panel-has-style\" ><div class=\"siteorigin-panels-stretch panel-row-style panel-row-style-for-118-2\" data-stretch-type=\"full-stretched\" ><div id=\"pgc-118-2-0\"  class=\"panel-grid-cell\" ><div id=\"panel-118-2-0-0\" class=\"so-panel widget widget_themegrill_suffice_button tg-section tg-button-widget panel-first-child panel-last-child\" data-index=\"2\" >\n<div class=\"btn-center\">\n\t\t\t<a  class=\"btn btn-rounded btn-small\" style=color:#ffffff;background-color:#ef7278; href=\"http:\/\/www.clicrdv.com\/cabinet-dieteticienne-Fanny-mugnier-audrey-deleu\">\n\t\t\tPrendre rendez vous en ligne\t\t<\/a>\n\t<\/div>\n<\/div><\/div><\/div><\/div><\/div>","protected":false},"excerpt":{"rendered":"<p>&nbsp; Avez-vous d\u00e9j\u00e0 entendu ce genre de messages : mangez cinq fruits et l\u00e9gumes par jour ! Faire trois repas dans la journ\u00e9e &#8230; Ne pas manger trop riche le soir&#8230; Le pain blanc fait grossir &#8230; Eh oui !<\/p>\n","protected":false},"author":1,"featured_media":0,"parent":0,"menu_order":0,"comment_status":"closed","ping_status":"closed","template":"page-templates\/left-sidebar.php","meta":{"footnotes":""},"class_list":["post-118","page","type-page","status-publish","hentry"],"_links":{"self":[{"href":"https:\/\/mugnier-dieteticienne.com\/index.php\/wp-json\/wp\/v2\/pages\/118","targetHints":{"allow":["GET"]}}],"collection":[{"href":"https:\/\/mugnier-dieteticienne.com\/index.php\/wp-json\/wp\/v2\/pages"}],"about":[{"href":"https:\/\/mugnier-dieteticienne.com\/index.php\/wp-json\/wp\/v2\/types\/page"}],"author":[{"embeddable":true,"href":"https:\/\/mugnier-dieteticienne.com\/index.php\/wp-json\/wp\/v2\/users\/1"}],"replies":[{"embeddable":true,"href":"https:\/\/mugnier-dieteticienne.com\/index.php\/wp-json\/wp\/v2\/comments?post=118"}],"version-history":[{"count":65,"href":"https:\/\/mugnier-dieteticienne.com\/index.php\/wp-json\/wp\/v2\/pages\/118\/revisions"}],"predecessor-version":[{"id":1357,"href":"https:\/\/mugnier-dieteticienne.com\/index.php\/wp-json\/wp\/v2\/pages\/118\/revisions\/1357"}],"wp:attachment":[{"href":"https:\/\/mugnier-dieteticienne.com\/index.php\/wp-json\/wp\/v2\/media?parent=118"}],"curies":[{"name":"wp","href":"https:\/\/api.w.org\/{rel}","templated":true}]}}

<div id="pl-118"  class="panel-layout" ><div id="pg-118-0"  class="panel-grid panel-has-style" ><div class="siteorigin-panels-stretch panel-row-style panel-row-style-for-118-0" data-stretch-type="full-stretched" ><div id="pgc-118-0-0"  class="panel-grid-cell" ><div id="panel-118-0-0-0" class="widget_text so-panel widget widget_custom_html panel-first-child panel-last-child" data-index="0" ><div class="textwidget custom-html-widget"><!-- Global site tag (gtag.js) - Google Analytics -->
<script async src="https://www.googletagmanager.com/gtag/js?id=UA-129084642-1"></script>
<script>
  window.dataLayer = window.dataLayer || [];
  function gtag(){dataLayer.push(arguments);}
  gtag('js', new Date());

  gtag('config', 'UA-129084642-1');
</script></div></div></div></div></div><div id="pg-118-1"  class="panel-grid panel-has-style" ><div class="siteorigin-panels-stretch panel-row-style panel-row-style-for-118-1" data-stretch-type="full-stretched" ><div id="pgc-118-1-0"  class="panel-grid-cell" ><div id="panel-118-1-0-0" class="so-panel widget widget_text panel-first-child panel-last-child" data-index="1" ><h3 class="widget-title">Perte de poids, prise de poids et équilibre</h3>			<div class="textwidget"><p>&nbsp;</p>
<p><img loading="lazy" decoding="async" class="alignleft wp-image-685 size-thumbnail" title=" Perte de poids" src="http://mugnier-dieteticienne.com/wp-content/uploads/2018/09/téléchargement-150x150.png" alt="Perte de poids" width="150" height="150" srcset="https://mugnier-dieteticienne.com/wp-content/uploads/2018/09/téléchargement-150x150.png 150w, https://mugnier-dieteticienne.com/wp-content/uploads/2018/09/téléchargement-100x100.png 100w" sizes="auto, (max-width: 150px) 100vw, 150px" /></p>
<p>Avez-vous déjà entendu ce genre de messages : mangez cinq fruits et légumes par jour ! Faire trois repas dans la journée &#8230; Ne pas manger trop riche le soir&#8230; Le pain blanc fait grossir &#8230;</p>
<p>Eh oui ! Avec toutes les sources d&rsquo;informations à l&rsquo;heure actuelle, il est très difficile de s&rsquo;y retrouver.</p>
<p>C&rsquo;est pourquoi, je vous invite à rencontrer une <a href="https://www.cidj.com/metiers/dieteticien-dieteticienne"><strong>diététicienne</strong></a> garante de la science de l&rsquo;équilibre alimentaire !</p>
<p>Cette profession UNIQUEMENT est reconnue par l&rsquo;état comme expert en alimentation et nutrition.</p>
<p>Que l&rsquo;objectif soit d&rsquo;équilibrer votre alimentation, de perdre du poids, d&rsquo;atteindre des objectifs sportifs ou de limiter les carences dans un régime végétarien ou végétalien, il est important d&rsquo;être suivi et accompagné par un professionnel.</p>
<p>Le suivi tiendra toujours compte de vos habitudes culturelles, votre âge, votre taille, votre niveau d&rsquo;activité physique et votre poids.</p>
<p>Je suis prête à vous accueillir au sein de mes cabinets de <a href="http://mugnier-dieteticienne.com/index.php/dieteticienne-bonne/">Bonne</a>, <a href="http://mugnier-dieteticienne.com/index.php/dieteticienne-thonon/">Thonon</a> ou <a href="http://mugnier-dieteticienne.com/index.php/dieteticienne-cluses/">Cluses</a>.</p>
</div>
		</div></div></div></div><div id="pg-118-2"  class="panel-grid panel-has-style" ><div class="siteorigin-panels-stretch panel-row-style panel-row-style-for-118-2" data-stretch-type="full-stretched" ><div id="pgc-118-2-0"  class="panel-grid-cell" ><div id="panel-118-2-0-0" class="so-panel widget widget_themegrill_suffice_button tg-section tg-button-widget panel-first-child panel-last-child" data-index="2" >
<div class="btn-center">
			<a  class="btn btn-rounded btn-small" style=color:#ffffff;background-color:#ef7278; href="http://www.clicrdv.com/cabinet-dieteticienne-Fanny-mugnier-audrey-deleu">
			Prendre rendez vous en ligne		</a>
	</div>
</div></div></div></div></div>

<p>&nbsp; Avez-vous déjà entendu ce genre de messages : mangez cinq fruits et légumes par jour ! Faire trois repas dans la journée &#8230; Ne pas manger trop riche le soir&#8230; Le pain blanc fait grossir &#8230; Eh oui !</p>
